 the prime factors of x?
2, 3, 13
Suppose 0 = 4*f - 0*f - 240. Suppose 0 = -c + 24 + f. List the prime factors of 2/(-6) + c/9.
3
Let x = 45 - -145. List the prime factors of x.
2, 5, 19
Let m be 0/((-2 - 1) + 1). List the prime factors of -2*(-2 + m) - -4.
2
Let g be (-4)/8*2*9. Let j = g - -7. Let q = 1 - j. What are the prime factors of q?
3
Suppose 36*r - 44816 = 72400. List the prime factors of r.
2, 11, 37
Let c = 933 + 7. What are the prime factors of c?
2, 5, 47
What are the prime factors of 5/20 - 18660/(-48)?
389
Suppose 2*q - 5*q - 2*a = -167, -192 = -4*q + 5*a. List the prime factors of q.
53
Suppose 3*g + 2*w - 960 = 5*w, 3*g + w - 948 = 0. Suppose -3*p - 5*c = -475, 2*p + 3*c - g = -0*p. List the prime factors of p.
2, 5
Suppose -5*d = v - 0*v - 43, -2*d + 3*v = -24. List the prime factors of 6/9 + 561/d.
3, 7
Let o(f) = -f**3 - 24*f**2 - 12*f - 16. Let w be o(-24). Suppose -w = -3*h - 11. List the prime factors of h.
3, 29
Let f(k) = -k**2 - k + 2. Let m be f(0). Suppose -b - 2*b + 85 = -5*p, -m*b + 50 = -5*p. What are the prime factors of b?
5, 7
Let f(m) = m**3 - 4*m**2 + 4*m + 5. Suppose -g = -1 - 1. Suppose -5*p - l + 10 = -g*p, 3*p = -3*l + 6. What are the prime factors of f(p)?
3, 7
Let s(n) be the third derivative of 47*n**4/24 - 17*n**3/6 - 35*n**2. What are the prime factors of s(4)?
3, 19
Let k = -364 + 1118. What are the prime factors of k?
2, 13, 29
Suppose f - 14 = 13. Suppose -n + 41 = -f. Let z = 117 - n. What are the prime factors of z?
7
Let y(a) = a**2 + 2*a - 42. Let v be y(6). Let w(r) = r**2 + 15*r - 4. List the prime factors of w(v).
2, 61
Let w(c) = -c**3 + 16*c**2 - 37*c + 45. What are the prime factors of w(10)?
5, 11
Let q(j) = 14*j + 18. Let k be q(-5). What are the prime factors of 13/k + (-181)/(-4)?
3, 5
Let x(l) = l**2 - 5*l + 5. Let b be x(5). Suppose -25 - 9 = -2*z - 2*s, b*z = -3*s + 95. What are the prime factors of z?
2, 11
Let c(l) = 17*l - 49. What are the prime factors of c(28)?
7, 61
Let i(v) = 218*v + 117. List the prime factors of i(3).
3, 257
Let v(x) = -x**2 - 13*x + 7. Let b = -45 - -32. What are the prime factors of v(b)?
7
Let p = -1049 + 1577. Suppose 7*g = 3*g + p. Suppose 8*x - 12*x = -g. What are the prime factors of x?
3, 11
Suppose 6*p - 3 = 5*p. Suppose 5*x = p*c + 35, 0 = -3*x - 0*x + 5*c + 21. Suppose -3*y = -x*y + 104. What are the prime factors of y?
2, 13
Let c(j) = -j**3 + 4*j**2 - 2*j - 1. Let z be c(3). Let p(f) = -9*f**z + 4*f**2 + 1 + 2*f**2 + f**2 - 46*f**3. List the prime factors of p(-1).
3, 5
Let j(v) = 4*v - 2. Let t(l) = l**3 + 2*l**3 - 2*l**3 - 4*l**2 - 4*l. Let i be t(5). List the prime factors of j(i).
2, 3
Suppose -2*l - 3*y = -6*l + 26, -4*l - 5*y = -10. Suppose l*z - 8*z = 2*a - 925, a = -3*z + 923. What are the prime factors of z?
307
Suppose -5*m - 70 = -4*h, -h = -4*m + 3*h - 56. Let a(k) = -6*k - 1. What are the prime factors of a(m)?
83
Let v(s) be the first derivative of 73*s**2 - 2*s + 5. Let p be v(1). Suppose p = 3*n + n. List the prime factors of n.
2, 3
Let n(f) = 5*f**2 - 13*f - 17. Let g(s) = 4*s**2 - 12*s - 17. Let a(w) = 3*g(w) - 2*n(w). What are the prime factors of a(-3)?
31
What are the prime factors of (-2)/(-5)*(10546 - 1)?
2, 3, 19, 37
Let x be 32/5 - (-4)/(-10). Suppose -r - 240 = -x*r. Let z = 81 - r. What are the prime factors of z?
3, 11
Suppose -l = -0*l + 5*g - 12, 4*l = 2*g + 48. List the prime factors of (-1096)/l*(3/(-2) + 0).
137
Let l = 253 + -124. List the prime factors of l.
3, 43
List the prime factors of ((-42)/(-14))/(1 + (-592)/594).
3, 11
Suppose -4*d - 2*r = -d - 2, -3*r = 5*d - 5. Let i(x) = -4*x**3 + x + 2 + 0*x**3 - d*x**3 - 3*x**2. List the prime factors of i(-2).
2, 13
Let k(g) = g**3 - 9*g**2 + 11*g - 4. Let v(w) = -w**3 + 3*w**2 - 5*w + 4. Let r be v(3). Let x = r + 19. What are the prime factors of k(x)?
2, 5
Let t(r) = -r**2 - 2*r + 2. Let s be t(0). Suppose s*y - w + 39 = 0, -3*w - 1 = 2. List the prime factors of (2 + 10/(-4))*y.
2, 5
Let s = -21 - -48. Let d = s + -27. Suppose -3*k = j + j - 62, 5*k - j - 99 = d. What are the prime factors of k?
2, 5
Suppose 1225 = 6*b - b. Suppose -5*k = 3*o - b, -o + 15 = 2*o. What are the prime factors of k?
2, 23
Suppose -z = -5*o - 0*z - 11, 0 = 3*o - 2*z + 8. List the prime factors of 4120/88 + o/(-11).
47
Let f = 41 - 28. Suppose -f*i + 197 = -63. What are the prime factors of i?
2, 5
Let y = 201 - 134. Suppose 5*x + 221 = -3*m + 20, m - 5*x = -y. Let h = -34 - m. What are the prime factors of h?
3, 11
Suppose 18*i + 2*u - 2422 = 15*i, -u = -4*i + 3211. List the prime factors of i.
2, 3, 67
Suppose 8*d - 5*d = 2490. What are the prime factors of d?
2, 5, 83
Let u(w) = 8*w**2 + 10*w + 5. Let n = -25 - -20. Let j be u(n). Let h = j - 81. What are the prime factors of h?
2, 37
Let q(j) = 3*j**2 + 30*j - 1. Let n be q(-10). What are the prime factors of 52*(1 - 3)/n?
2, 13
Let q = 13 - 10. Suppose -b + 3*h - 6 = 2*b, 0 = q*h + 3. What are the prime factors of 6/9 + (-70)/b?
2, 3
Suppose -125*t + 129*t - 3176 = 0. List the prime factors of t.
2, 397
What are the prime factors of -92*((-286)/52)/((-1)/(-4))?
2, 11, 23
Suppose -4*p = 66*q - 67*q + 777, -3018 = -4*q - 2*p. List the prime factors of q.
757
Suppose 0 = -37*o + 39973 + 28033. What are the prime factors of o?
2, 919
Let t(y) = -y**3 - y**2 + 2*y - 3. Let b be t(0). What are the prime factors of (561/6)/(b*(-2)/12)?
11, 17
Let i be 2/(-8) + 57/(-12). Let r(w) = -w**2. Let p(o) = -5*o**2 + 7*o + 1. Let l(h) = -p(h) + 6*r(h). What are the prime factors of l(i)?
3
Suppose 3*p = -0*p + 27. Let v = 8 - p. List the prime factors of (-5)/(1*v/1).
5
Let y(w) = w**2 + 4*w - 9. Suppose -x + 4*x - 5*z - 56 = 0, 3*x - 3*z = 48. Let t = x - 20. What are the prime factors of y(t)?
23
What are the prime factors of (-768)/15*15/(-20)*10?
2, 3
What are the prime factors of 363/2 + (1 - (-3)/(-6))?
2, 7, 13
Suppose -12*y + 7*y + 725 = 5*p, 0 = p + 4*y - 148. Let g = -42 + p. List the prime factors of g.
2, 3, 17
Let d be (-1 - 0) + (4 - -1)/(-5). What are the prime factors of d/1*((-735)/10 + -2)?
151
Let n(p) = -p**3 - 12*p**2 + 16*p + 6. List the prime factors of n(-15).
3, 7
Let v(i) = 2*i**3 - 16*i**2 + i - 1. Let m be v(8). Let x(g) = 4*g - 18. List the prime factors of x(m).
2, 5
Let m(p) = -8*p**3 + 4*p**2 + 17*p + 24. What are the prime factors of m(-6)?
2, 3, 13, 23
Let g be 1/1 + -1 + -3. Let z(c) = 5*c. Let q be z(-4). Let h = g - q. List the prime factors of h.
17
Let n = -27 + 29. Suppose -n*y = 3*y - 120. What are the prime factors of y?
2, 3
Suppose 165 = 33*q - 28*q. Suppose 2*f - 9 = q. List the prime factors of f.
3, 7
List the prime factors of ((-9)/(-4))/((-2)/(-3408)).
2, 3, 71
Let g be (1 + 0 + 0)*2. Let j = -85 - -88. Suppose j*v = 3, g*v + 3*v = -c + 22. What are the prime factors of c?
17
Suppose 5*k + 5*m - 57 = 2*k, -4*k = -m - 99. Let v = -24 + k. Suppose v = -3*w + 152 + 49. List the prime factors of w.
67
Let v(r) = -r**2 - 5*r + 3. Let q(w) = 2*w**2 + 10*w - 6. Let t(x) = 3*q(x) + 5*v(x). List the prime factors of t(-9).
3, 11
Suppose -27 + 0 = -3*a. Let x be (-588)/(-27) + 2/a. Suppose -q = 4*q + 4*p - 55, -3*p + x = q. List the prime factors of q.
7
Suppose -3*d + 182 = 4*d. Let m = d + -36. Let b(r) = -r**3 - 9*r**2 + 7*r + 5. List the prime factors of b(m).
5, 7
Suppose 5*j - u - 4403 = 3581, 1592 = j - 5*u. What are the prime factors of j?
1597
List the prime factors of ((-8098)/4)/((-50)/100).
4049
Let u = -42 - -46. Suppose -2*l - 170 = -u*l. List the prime factors of l.
5, 17
Suppose 2*q - 13*r - 908 = -9*r, -2242 = -5*q - 4*r. List the prime factors of q.
2, 3, 5
Let q(r) = r**2 + 15*r - 34. Let y be q(-17). What are the prime factors of (y - -32)/(6/18)?
2, 3
Let k(b) = b**3 - 4*b**2 - 4*b. Suppose m + 10 = 3*m. Let h be k(m). Suppose -6 = -2*l - 4*a + 48, -h*l + 165 = 4*a. What are the prime factors of l?
37
Let v(b) = 2*b**2 - 9*b**2 - 6 + b**3 - 3*b + 2*b**2. Let h be v(6). Suppose 0 = -5*a + h + 8. List the prime factors of a.
2
Suppose -7*g = -5*g. Suppose r = -g*r + 80. List the prime factors of r.
2, 5
Suppose -k - 217 = -o, 5*o - 608 = 4*k + 480. Let r be o*6*4/60. Let l = r - 19. List the prime factors of l.
3, 23
Let j(o) = -o**2 + 14*o - 24. Let l be j(12). Let z be 1 + 